st the prime factors of p(2).
3
Let o(j) = j**2 + 10*j + 10. List the prime factors of o(-11).
3, 7
Let y = -11 + 14. Suppose 0 = -y*z - 2*z + 70. List the prime factors of z.
2, 7
Let a(i) = 19*i + 1. Let p be a(-1). Let y = 31 + p. List the prime factors of y.
13
Let c = -19 - -7. Suppose 4*n - 46 = 22. Let t = n + c. List the prime factors of t.
5
Suppose 4*l - l = 12. Let m(h) = h**3 + 2*h + 1. Let c(b) = b**3 + b**2 + 3*b + 2. Let g(r) = -3*c(r) + 4*m(r). List the prime factors of g(l).
2, 5
Suppose -g + 21 = -25. List the prime factors of g.
2, 23
Suppose -302 = -5*v + 3*g, v + 4*v - 2*g = 298. Suppose -4*i + v = 5*w, -36 = -4*w + 3*i - i. List the prime factors of w.
2, 5
Let l be 2 - ((1 - 0) + -4). Suppose -3 + l = s. Suppose 0 = 2*n + s, -5 = -4*v - 5*n + 18. What are the prime factors of v?
7
Suppose -4*a + 10 = -2. Suppose 8 + 1 = -a*i. List the prime factors of (-1)/i - 46/(-6).
2
Suppose 0 = 3*h - 2*x - 4 - 26, 2*h + 2*x - 30 = 0. Suppose 2*w + w = h. What are the prime factors of w?
2
Suppose 0*k = 3*k - 465. List the prime factors of k.
5, 31
Suppose -5*v - f - f - 24 = 0, -24 = 4*v + 4*f. Let b = -1 - v. What are the prime factors of b?
3
Let b(z) = 2*z + 3. Let m be b(4). Suppose 2*t - 5*t = -6. What are the prime factors of (-1 + t)*(m - -2)?
13
Suppose 0*u + 4*u = 0. Let m be (3 - 2) + u/(-1). List the prime factors of (0 - m)/(2/(-22)).
11
Suppose -44 = -7*h + 5*h. What are the prime factors of h?
2, 11
Let a = -3 - -5. Suppose 4*p = -4*n + 28, -a*p + 12 = 4*n - 8. Suppose 6*j - j + p = 3*x, -2*j = x - 5. What are the prime factors of x?
3
Suppose 3*s + 864 = 19*s. What are the prime factors of s?
2, 3
Let t(p) = p**2 - 6*p + 6. Let n be t(5). Suppose 16 = u - n. What are the prime factors of u?
17
Suppose 2*j - 10 = -3*d - d, 2*d = 8. What are the prime factors of ((-192)/9 - j)*-3?
5, 11
Suppose 15*j + 53 = 16*j. What are the prime factors of j?
53
Suppose -271 = -5*y + 4. Suppose -155 = -3*b - 5*i - y, i = -5*b + 130. List the prime factors of b.
5
Suppose u = -4*j + 12, 4*u - j = 4*j - 57. What are the prime factors of (-4)/u*22/1?
11
Let z(t) = 6*t + 5*t**3 + 4 - 4*t**3 + 0*t**2 + 7*t**2. Let u be z(-6). What are the prime factors of 13/u + 9/12?
2
Suppose 6*w - 35 = w. Let z(n) = -n**3 + 7*n**2 + 5*n - 2. What are the prime factors of z(w)?
3, 11
Suppose -13 = -w - 2*y, -w - 4*y - 4 = -5*w. Suppose v - 22 = -w*z, z - 3*v + 16 = 6*z. Suppose z*m - 20 = m. What are the prime factors of m?
5
Suppose -3*d + 2*j - 67 = 0, 3*d - 3*j + 34 + 38 = 0. Let l = d + 35. What are the prime factors of l?
2
What are the prime factors of (17/3)/((-1)/(-6))?
2, 17
Let x(f) = 0*f**2 - 4*f**2 - 5*f + 3*f**2 + 2. Let a be x(-5). What are the prime factors of (2 + 1)/(2/a)?
3
Let a(p) = -43*p - 2. What are the prime factors of a(-2)?
2, 3, 7
Suppose 170 = 2*w + 3*w. List the prime factors of w.
2, 17
Suppose -h + 2*p = -66, -4*p + 70 + 2 = h. List the prime factors of h.
2, 17
Suppose -2*i = 3*a - 52, -4*a = 3*i - 45 - 25. What are the prime factors of a?
2
Suppose -3*f - 28 = -f. Let u = f + 7. Let l = -4 - u. List the prime factors of l.
3
Suppose 26 + 19 = -3*v. Let q = -8 - v. List the prime factors of q.
7
Let m = 22 - 20. Suppose 2*a = g + 79, 3*g + 155 = 4*a + m. What are the prime factors of a?
2, 3, 7
Let y = 87 - 33. What are the prime factors of y?
2, 3
Let r(x) = x**2 + 2*x + 5. Let q be r(7). Suppose 3*n - 2*i - q = 0, n = -i + 28 + 3. What are the prime factors of n?
2, 13
Suppose 5*q = h + 16, -q - 3*h + 16 = -0*q. What are the prime factors of q?
2
Let b = -17 - -31. Suppose -m = -5*p + 18, -p = 5*m - 19 + 5. Suppose 2*s + b = 3*s - 3*n, 16 = -p*n. List the prime factors of s.
2
List the prime factors of 2*16 - (2 + -1).
31
Suppose 0*q + 293 = q + 3*u, -4*q + 1172 = 3*u. List the prime factors of q.
293
Let o = -18 + 19. What are the prime factors of -3 - (-36)/(1/o)?
3, 11
Suppose -2*z + 7*z - 65 = 0. Let f = z + 7. What are the prime factors of (f/25)/((-2)/(-30))?
2, 3
Let o(s) = 3*s - 1. Let u(a) = -3*a. Let p(v) = 4*o(v) + 3*u(v). What are the prime factors of p(6)?
2, 7
Let l = 21 + -21. Let g = 9 + -3. Suppose -4*y + l - 3 = -s, 2*s - g = 4*y. List the prime factors of s.
3
Let p(x) = -x**3 - 8*x**2 + x + 15. What are the prime factors of p(-9)?
3, 29
Let d = -10 + 30. List the prime factors of d.
2, 5
Suppose u + 2*c + 14 = 5*c, -42 = 3*u + 4*c. Let k be (u + 2)*(4 - 5). Suppose -m = m - k. What are the prime factors of m?
2, 3
Let z(s) = -2*s**2 - 2*s**2 - 3 + 9*s + 3*s**2. What are the prime factors of z(7)?
11
Suppose y = 3*b - 5, 3*b + 2*b - 20 = 0. Let g be 1 + y + -2 + -3. Let t = 11 - g. List the prime factors of t.
2
Suppose 0*c + 5*c - 345 = 0. What are the prime factors of c?
3, 23
Suppose 2*y - 3 = y - 4*u, -2*u = -2*y + 26. List the prime factors of y.
11
What are the prime factors of (-2 - -3)/((-1)/(-76))?
2, 19
Let f = 252 - 155. Suppose 0 = -4*i - 0*i - d + 95, d = 4*i - f. List the prime factors of i.
2, 3
Suppose -9*f = -14*f + 30. Suppose -f*g + 128 = -2*g. What are the prime factors of g?
2
Let q(w) = w**3 + 6*w**2 + 5*w - 1. Let o be q(-5). Let p = o + 5. Suppose 0 = p*a - l - 2*l - 33, 4 = a - 5*l. What are the prime factors of a?
3
Suppose 0*a + 4 = -4*a. Let v be -1 - -5 - a*1. Suppose -g + 6 = -v. What are the prime factors of g?
11
Suppose 0 = -3*h - 0*h - 18. Let u be (h/(-8))/((-2)/(-64)). Let c = -10 + u. List the prime factors of c.
2, 7
Suppose -5*o - 650 = -10*o. Suppose -2*r - o = -4*x - 3*r, -r = -4*x + 126. What are the prime factors of x?
2
Suppose 0 = -4*w + 14*w - 380. What are the prime factors of w?
2, 19
Let h(g) = 41*g**3 + g**2 + g - 2. Let f be -2 - 9/(-6)*2. What are the prime factors of h(f)?
41
Let z(s) = -s + 10. Suppose -3*l + 21 = 4*v, 7*l - 4*l - 21 = 3*v. What are the prime factors of z(l)?
3
Suppose 0*s + 335 = 5*s. List the prime factors of s.
67
Let t(w) = -3*w + 4 + 1 + 6*w - 6. Let y be t(2). Suppose 0 = -y*c + 4*c + 2. List the prime factors of c.
2
Let g(x) = 82*x + 20. List the prime factors of g(3).
2, 7, 19
Let r(b) = -b**3 - 2*b**2 - 4*b + 5. Let l be r(-5). Suppose 0 = 6*t - 2*t - l. What are the prime factors of t?
5
Let z(n) = n**3 - 2*n + 3. Let y = 6 - 4. What are the prime factors of z(y)?
7
Suppose -r + 15 = -4*i + 144, -4*r = 4. Suppose t - i = -3*t. What are the prime factors of t?
2
What are the prime factors of 2*-3*100/(-24)?
5
Let x(c) = -c**3 - 4*c**2 - 3*c + 5. Suppose -2*f + 16 = -6*f. List the prime factors of x(f).
17
Let r = -9 + 10. Let n(v) = 2*v + 1. List the prime factors of n(r).
3
Suppose 5*a - 2*a - 75 = 0. What are the prime factors of a?
5
Suppose -2*x - j + 280 = -129, 4*j + 200 = x. List the prime factors of x.
2, 3, 17
Let k be ((-1)/(-3))/((-1)/(-12)). Suppose 0 = -4*y + 7*y + 5*h - 6, h - 8 = -4*y. What are the prime factors of 18/y + k + -3?
2, 5
List the prime factors of 75/10*(-60)/(-25).
2, 3
Let f = 1 + -1. Suppose 4*h + f*p - 46 = p, 3*h + 4*p - 44 = 0. List the prime factors of h.
2, 3
Suppose 3*t - 3*n = -2*n + 16, 0 = -4*t - n + 26. List the prime factors of 3/(t/34) - -3.
2, 5
Let f = 12 + 2. Let r = f - -7. What are the prime factors of 90/r - (-2)/(-7)?
2
Suppose 0 = 4*o + 2*o - 462. List the prime factors of o.
7, 11
Suppose -5*r + 4*o + 278 = 0, 0 = -3*r - o + 2*o + 164. List the prime factors of r.
2, 3
Let t = 107 - 76. List the prime factors of t.
31
Let r be (-4 - -5)*6/(-1). What are the prime factors of 7/(21/r) - -11?
3
Suppose 5*v + 7*c - 468 = 4*c, v - c = 92. List the prime factors of v.
3, 31
Let l be 2 + 2/(-4)*0. Suppose -j = -l, 2*j = h - 0 + 1. What are the prime factors of h?
3
Suppose 89 = 4*x + 5*b, 0 = -2*x - 0*b - 2*b + 42. Let p = 13 - 9. List the prime factors of p/x + 15/4.
2
Let m be -1*2 - (3 - 131). Let o be 3/(-15) + 22/10. List the prime factors of (-3)/o - m/(-12).
3
Suppose 0 = -j + 4 + 8. What are the prime factors of (-2 + 6)*j/8?
2, 3
Suppose a - 594 = -5*a. What are the prime factors of a?
3, 11
Let a(x) = -x - 5. Let j be a(-4). Let p = j - -4. List the prime factors of p.
3
Suppose c - 310 = -2*c + 5*t, 4*c = -5*t + 425. What are the prime factors of c?
3, 5, 7
Suppose 0 = f - 5 + 3. List the prime factors of f/(-3)*(-150)/5.
2, 5
Suppose 0 = 2*l + 2*l + 108. Let x =